[INFO] cloning repository https://github.com/lukaszwawrzyk/rust-wget
[INFO] running `Command { std: "git" "-c" "credential.helper=" "-c" "credential.helper=/workspace/cargo-home/bin/git-credential-null" "clone" "--bare" "https://github.com/lukaszwawrzyk/rust-wget" "/workspace/cache/git-repos/https%3A%2F%2Fgithub.com%2Flukaszwawrzyk%2Frust-wget", kill_on_drop: false }`
[INFO] [stderr] Cloning into bare repository '/workspace/cache/git-repos/https%3A%2F%2Fgithub.com%2Flukaszwawrzyk%2Frust-wget'...
[INFO] running `Command { std: "git" "rev-parse" "HEAD", kill_on_drop: false }`
[INFO] [stdout] b9f2bc64306257a1c3b14a0281ccc62d7142b6e0
[INFO] building lukaszwawrzyk/rust-wget against master#ff34b919075f35a1787659e9c448a34b06bab8de for issue-85264
[INFO] running `Command { std: "git" "clone" "/workspace/cache/git-repos/https%3A%2F%2Fgithub.com%2Flukaszwawrzyk%2Frust-wget" "/workspace/builds/worker-9/source", kill_on_drop: false }`
[INFO] [stderr] Cloning into '/workspace/builds/worker-9/source'...
[INFO] [stderr] done.
[INFO] validating manifest of git repo https://github.com/lukaszwawrzyk/rust-wget on toolchain ff34b919075f35a1787659e9c448a34b06bab8de
[INFO] running `Command { std: "/workspace/cargo-home/bin/cargo" "+ff34b919075f35a1787659e9c448a34b06bab8de" "metadata" "--manifest-path" "Cargo.toml" "--no-deps", kill_on_drop: false }`
[INFO] started tweaking git repo https://github.com/lukaszwawrzyk/rust-wget
[INFO] finished tweaking git repo https://github.com/lukaszwawrzyk/rust-wget
[INFO] tweaked toml for git repo https://github.com/lukaszwawrzyk/rust-wget written to /workspace/builds/worker-9/source/Cargo.toml
[INFO] crate git repo https://github.com/lukaszwawrzyk/rust-wget already has a lockfile, it will not be regenerated
[INFO] running `Command { std: "/workspace/cargo-home/bin/cargo" "+ff34b919075f35a1787659e9c448a34b06bab8de" "fetch" "--manifest-path" "Cargo.toml", kill_on_drop: false }`
[INFO] [stderr]     Blocking waiting for file lock on package cache
[INFO] [stderr]     Blocking waiting for file lock on package cache
[INFO] running `Command { std: "docker" "create" "-v" "/var/lib/crater-agent-workspace/builds/worker-9/target:/opt/rustwide/target:rw,Z" "-v" "/var/lib/crater-agent-workspace/builds/worker-9/source:/opt/rustwide/workdir:ro,Z" "-v" "/var/lib/crater-agent-workspace/cargo-home:/opt/rustwide/cargo-home:ro,Z" "-v" "/var/lib/crater-agent-workspace/rustup-home:/opt/rustwide/rustup-home:ro,Z" "-e" "SOURCE_DIR=/opt/rustwide/workdir" "-e" "CARGO_TARGET_DIR=/opt/rustwide/target" "-e" "CARGO_HOME=/opt/rustwide/cargo-home" "-e" "RUSTUP_HOME=/opt/rustwide/rustup-home" "-w" "/opt/rustwide/workdir" "-m" "1610612736" "--user" "0:0" "--network" "none" "ghcr.io/rust-lang/crates-build-env/linux@sha256:20528e8c29e4536546f0102ce88568b16ea7538393a33fcca951030f7af10457" "/opt/rustwide/cargo-home/bin/cargo" "+ff34b919075f35a1787659e9c448a34b06bab8de" "metadata" "--no-deps" "--format-version=1", kill_on_drop: false }`
[INFO] [stdout] 1ed35c4258b74317e7eef8c58f5d022f13b57e1a8c6a5676303e5e6d1fd553af
[INFO] [stderr] WARNING: Your kernel does not support swap limit capabilities or the cgroup is not mounted. Memory limited without swap.
[INFO] running `Command { std: "docker" "start" "-a" "1ed35c4258b74317e7eef8c58f5d022f13b57e1a8c6a5676303e5e6d1fd553af", kill_on_drop: false }`
[INFO] running `Command { std: "docker" "inspect" "1ed35c4258b74317e7eef8c58f5d022f13b57e1a8c6a5676303e5e6d1fd553af", kill_on_drop: false }`
[INFO] running `Command { std: "docker" "rm" "-f" "1ed35c4258b74317e7eef8c58f5d022f13b57e1a8c6a5676303e5e6d1fd553af", kill_on_drop: false }`
[INFO] [stdout] 1ed35c4258b74317e7eef8c58f5d022f13b57e1a8c6a5676303e5e6d1fd553af
[INFO] running `Command { std: "docker" "create" "-v" "/var/lib/crater-agent-workspace/builds/worker-9/target:/opt/rustwide/target:rw,Z" "-v" "/var/lib/crater-agent-workspace/builds/worker-9/source:/opt/rustwide/workdir:ro,Z" "-v" "/var/lib/crater-agent-workspace/cargo-home:/opt/rustwide/cargo-home:ro,Z" "-v" "/var/lib/crater-agent-workspace/rustup-home:/opt/rustwide/rustup-home:ro,Z" "-e" "SOURCE_DIR=/opt/rustwide/workdir" "-e" "CARGO_TARGET_DIR=/opt/rustwide/target" "-e" "CARGO_INCREMENTAL=0" "-e" "RUST_BACKTRACE=full" "-e" "RUSTFLAGS=--cap-lints=forbid" "-e" "CARGO_HOME=/opt/rustwide/cargo-home" "-e" "RUSTUP_HOME=/opt/rustwide/rustup-home" "-w" "/opt/rustwide/workdir" "-m" "1610612736" "--user" "0:0" "--network" "none" "ghcr.io/rust-lang/crates-build-env/linux@sha256:20528e8c29e4536546f0102ce88568b16ea7538393a33fcca951030f7af10457" "/opt/rustwide/cargo-home/bin/cargo" "+ff34b919075f35a1787659e9c448a34b06bab8de" "build" "--frozen" "--message-format=json", kill_on_drop: false }`
[INFO] [stdout] 89009167b4f9cba3637afcbd14149b36bf7a9988d4edc252ace07c61d20f74a3
[INFO] [stderr] WARNING: Your kernel does not support swap limit capabilities or the cgroup is not mounted. Memory limited without swap.
[INFO] running `Command { std: "docker" "start" "-a" "89009167b4f9cba3637afcbd14149b36bf7a9988d4edc252ace07c61d20f74a3", kill_on_drop: false }`
[INFO] [stderr]    Compiling bitflags v0.7.0
[INFO] [stderr]    Compiling rustc-serialize v0.3.19
[INFO] [stderr]    Compiling regex-syntax v0.3.1
[INFO] [stderr]    Compiling getopts v0.2.14
[INFO] [stderr]    Compiling termios v0.2.2
[INFO] [stderr]    Compiling openssl-sys v0.7.13
[INFO] [stderr]    Compiling idna v0.1.0 (https://github.com/servo/rust-url#d91d1751)
[INFO] [stderr]    Compiling url v1.1.0
[INFO] [stderr]    Compiling thread_local v0.2.5
[INFO] [stderr]    Compiling openssl-sys-extras v0.7.13
[INFO] [stderr]    Compiling openssl v0.7.13
[INFO] [stderr] error: failed to run custom build command for `openssl-sys-extras v0.7.13`
[INFO] [stderr] 
[INFO] [stderr] Caused by:
[INFO] [stderr]   process didn't exit successfully: `/opt/rustwide/target/debug/build/openssl-sys-extras-24f4912ba6694e10/build-script-build` (exit status: 101)
[INFO] [stderr]   --- stdout
[INFO] [stderr]   TARGET = Some("x86_64-unknown-linux-gnu")
[INFO] [stderr]   OPT_LEVEL = Some("0")
[INFO] [stderr]   PROFILE = Some("debug")
[INFO] [stderr]   TARGET = Some("x86_64-unknown-linux-gnu")
[INFO] [stderr]   debug=true opt-level=0
[INFO] [stderr]   HOST = Some("x86_64-unknown-linux-gnu")
[INFO] [stderr]   TARGET = Some("x86_64-unknown-linux-gnu")
[INFO] [stderr]   TARGET = Some("x86_64-unknown-linux-gnu")
[INFO] [stderr]   HOST = Some("x86_64-unknown-linux-gnu")
[INFO] [stderr]   CC_x86_64-unknown-linux-gnu = None
[INFO] [stderr]   CC_x86_64_unknown_linux_gnu = None
[INFO] [stderr]   HOST_CC = None
[INFO] [stderr]   CC = None
[INFO] [stderr]   HOST = Some("x86_64-unknown-linux-gnu")
[INFO] [stderr]   TARGET = Some("x86_64-unknown-linux-gnu")
[INFO] [stderr]   HOST = Some("x86_64-unknown-linux-gnu")
[INFO] [stderr]   CFLAGS_x86_64-unknown-linux-gnu = None
[INFO] [stderr]   CFLAGS_x86_64_unknown_linux_gnu = None
[INFO] [stderr]   HOST_CFLAGS = None
[INFO] [stderr]   CFLAGS = None
[INFO] [stderr]   running: "cc" "-O0" "-ffunction-sections" "-fdata-sections" "-g" "-m64" "-fPIC" "-o" "/opt/rustwide/target/debug/build/openssl-sys-extras-2a45a25bfe8a455f/out/src/openssl_shim.o" "-c" "src/openssl_shim.c"
[INFO] [stderr]   ExitStatus(ExitStatus(256))
[INFO] [stderr] 
[INFO] [stderr] 
[INFO] [stderr]   command did not execute successfully, got: exit status: 1
[INFO] [stderr] 
[INFO] [stderr] 
[INFO] [stderr] 
[INFO] [stderr]   --- stderr
[INFO] [stderr]   src/openssl_shim.c: In function 'DH_new_from_params':
[INFO] [stderr]   src/openssl_shim.c:128:7: error: dereferencing pointer to incomplete type 'DH' {aka 'struct dh_st'}
[INFO] [stderr]     128 |     dh->p = p;
[INFO] [stderr]         |       ^~
[INFO] [stderr]   src/openssl_shim.c: In function 'X509_get_extensions_shim':
[INFO] [stderr]   src/openssl_shim.c:139:13: error: dereferencing pointer to incomplete type 'X509' {aka 'struct x509_st'}
[INFO] [stderr]     139 |     return x->cert_info ? x->cert_info->extensions : NULL;
[INFO] [stderr]         |             ^~
[INFO] [stderr]   thread 'main' panicked at 'explicit panic', /opt/rustwide/cargo-home/registry/src/github.com-1ecc6299db9ec823/gcc-0.3.28/src/lib.rs:840:5
[INFO] [stderr]   stack backtrace:
[INFO] [stderr]      0:     0x55fb9fa14840 - std::backtrace_rs::backtrace::libunwind::trace::hdcf4f90f85129e83
[INFO] [stderr]                                  at /rustc/ff34b919075f35a1787659e9c448a34b06bab8de/library/std/src/../../backtrace/src/backtrace/libunwind.rs:90:5
[INFO] [stderr]      1:     0x55fb9fa14840 - std::backtrace_rs::backtrace::trace_unsynchronized::h2669e30cb82f6732
[INFO] [stderr]                                  at /rustc/ff34b919075f35a1787659e9c448a34b06bab8de/library/std/src/../../backtrace/src/backtrace/mod.rs:66:5
[INFO] [stderr]      2:     0x55fb9fa14840 - std::sys_common::backtrace::_print_fmt::hfbda19e17f6db318
[INFO] [stderr]                                  at /rustc/ff34b919075f35a1787659e9c448a34b06bab8de/library/std/src/sys_common/backtrace.rs:67:5
[INFO] [stderr]      3:     0x55fb9fa14840 - <std::sys_common::backtrace::_print::DisplayBacktrace as core::fmt::Display>::fmt::h1a8751bf59281272
[INFO] [stderr]                                  at /rustc/ff34b919075f35a1787659e9c448a34b06bab8de/library/std/src/sys_common/backtrace.rs:46:22
[INFO] [stderr]      4:     0x55fb9fa33c7f - core::fmt::write::h7aa6cd0067dca82a
[INFO] [stderr]                                  at /rustc/ff34b919075f35a1787659e9c448a34b06bab8de/library/core/src/fmt/mod.rs:1094:17
[INFO] [stderr]      5:     0x55fb9fa116f5 - std::io::Write::write_fmt::hd7dd3a1df9b6befb
[INFO] [stderr]                                  at /rustc/ff34b919075f35a1787659e9c448a34b06bab8de/library/std/src/io/mod.rs:1584:15
[INFO] [stderr]      6:     0x55fb9fa166eb - std::sys_common::backtrace::_print::h551e9ec8a9fa8106
[INFO] [stderr]                                  at /rustc/ff34b919075f35a1787659e9c448a34b06bab8de/library/std/src/sys_common/backtrace.rs:49:5
[INFO] [stderr]      7:     0x55fb9fa166eb - std::sys_common::backtrace::print::ha4b1c5e95fa040b3
[INFO] [stderr]                                  at /rustc/ff34b919075f35a1787659e9c448a34b06bab8de/library/std/src/sys_common/backtrace.rs:36:9
[INFO] [stderr]      8:     0x55fb9fa166eb - std::panicking::default_hook::{{closure}}::h0b34c9ab7fb9f857
[INFO] [stderr]                                  at /rustc/ff34b919075f35a1787659e9c448a34b06bab8de/library/std/src/panicking.rs:208:50
[INFO] [stderr]      9:     0x55fb9fa161cd - std::panicking::default_hook::h3067e8318decd17a
[INFO] [stderr]                                  at /rustc/ff34b919075f35a1787659e9c448a34b06bab8de/library/std/src/panicking.rs:225:9
[INFO] [stderr]     10:     0x55fb9fa16c9d - std::panicking::rust_panic_with_hook::h81b8facc50f34daa
[INFO] [stderr]                                  at /rustc/ff34b919075f35a1787659e9c448a34b06bab8de/library/std/src/panicking.rs:591:17
[INFO] [stderr]     11:     0x55fb9f9dbb43 - std::panicking::begin_panic::{{closure}}::h3788a429b132f722
[INFO] [stderr]                                  at /rustc/ff34b919075f35a1787659e9c448a34b06bab8de/library/std/src/panicking.rs:520:9
[INFO] [stderr]     12:     0x55fb9f9eb639 - std::sys_common::backtrace::__rust_end_short_backtrace::h0368d8fdf191c373
[INFO] [stderr]                                  at /rustc/ff34b919075f35a1787659e9c448a34b06bab8de/library/std/src/sys_common/backtrace.rs:141:18
[INFO] [stderr]     13:     0x55fb9f9dba79 - std::panicking::begin_panic::h4e790efbaafa17bc
[INFO] [stderr]                                  at /rustc/ff34b919075f35a1787659e9c448a34b06bab8de/library/std/src/panicking.rs:519:12
[INFO] [stderr]     14:     0x55fb9f9eb585 - gcc::fail::h04857524b6a8e115
[INFO] [stderr]                                  at /opt/rustwide/cargo-home/registry/src/github.com-1ecc6299db9ec823/gcc-0.3.28/src/lib.rs:840:5
[INFO] [stderr]     15:     0x55fb9f9eb3f8 - gcc::run::h74c1e7a5578e6f51
[INFO] [stderr]                                  at /opt/rustwide/cargo-home/registry/src/github.com-1ecc6299db9ec823/gcc-0.3.28/src/lib.rs:834:9
[INFO] [stderr]     16:     0x55fb9f9e372f - gcc::Config::compile_object::h108339c78298646f
[INFO] [stderr]                                  at /opt/rustwide/cargo-home/registry/src/github.com-1ecc6299db9ec823/gcc-0.3.28/src/lib.rs:375:9
[INFO] [stderr]     17:     0x55fb9f9e2725 - gcc::Config::compile::h385bfb2d0d846083
[INFO] [stderr]                                  at /opt/rustwide/cargo-home/registry/src/github.com-1ecc6299db9ec823/gcc-0.3.28/src/lib.rs:330:13
[INFO] [stderr]     18:     0x55fb9f9d5ce8 - build_script_build::main::h8ddb26bf1928ae8c
[INFO] [stderr]                                  at /opt/rustwide/cargo-home/registry/src/github.com-1ecc6299db9ec823/openssl-sys-extras-0.7.13/build.rs:19:5
[INFO] [stderr]     19:     0x55fb9f9d79bb - core::ops::function::FnOnce::call_once::h08505ff81cc1d5b6
[INFO] [stderr]                                  at /rustc/ff34b919075f35a1787659e9c448a34b06bab8de/library/core/src/ops/function.rs:227:5
[INFO] [stderr]     20:     0x55fb9f9d75ae - std::sys_common::backtrace::__rust_begin_short_backtrace::h327ba270e237cd25
[INFO] [stderr]                                  at /rustc/ff34b919075f35a1787659e9c448a34b06bab8de/library/std/src/sys_common/backtrace.rs:125:18
[INFO] [stderr]     21:     0x55fb9f9d7b51 - std::rt::lang_start::{{closure}}::he5729447abcdfd17
[INFO] [stderr]                                  at /rustc/ff34b919075f35a1787659e9c448a34b06bab8de/library/std/src/rt.rs:49:18
[INFO] [stderr]     22:     0x55fb9fa1709a - core::ops::function::impls::<impl core::ops::function::FnOnce<A> for &F>::call_once::h3b8c329143d7638a
[INFO] [stderr]                                  at /rustc/ff34b919075f35a1787659e9c448a34b06bab8de/library/core/src/ops/function.rs:259:13
[INFO] [stderr]     23:     0x55fb9fa1709a - std::panicking::try::do_call::h4b72c261b4eefc1b
[INFO] [stderr]                                  at /rustc/ff34b919075f35a1787659e9c448a34b06bab8de/library/std/src/panicking.rs:379:40
[INFO] [stderr]     24:     0x55fb9fa1709a - std::panicking::try::h703d31b7896cbd49
[INFO] [stderr]                                  at /rustc/ff34b919075f35a1787659e9c448a34b06bab8de/library/std/src/panicking.rs:343:19
[INFO] [stderr]     25:     0x55fb9fa1709a - std::panic::catch_unwind::h37cad9b35388a915
[INFO] [stderr]                                  at /rustc/ff34b919075f35a1787659e9c448a34b06bab8de/library/std/src/panic.rs:431:14
[INFO] [stderr]     26:     0x55fb9fa1709a - std::rt::lang_start_internal::hab5a8a909af4f90e
[INFO] [stderr]                                  at /rustc/ff34b919075f35a1787659e9c448a34b06bab8de/library/std/src/rt.rs:34:21
[INFO] [stderr]     27:     0x55fb9f9d7b30 - std::rt::lang_start::ha31d5ac2594dd789
[INFO] [stderr]                                  at /rustc/ff34b919075f35a1787659e9c448a34b06bab8de/library/std/src/rt.rs:48:5
[INFO] [stderr]     28:     0x55fb9f9d6fcc - main
[INFO] [stderr]     29:     0x7f35105080b3 - __libc_start_main
[INFO] [stderr]     30:     0x55fb9f9d598e - _start
[INFO] [stderr]     31:                0x0 - <unknown>
[INFO] [stderr] warning: build failed, waiting for other jobs to finish...
[INFO] [stdout] error[E0642]: patterns aren't allowed in functions without bodies
[INFO] [stdout]    --> /opt/rustwide/cargo-home/registry/src/github.com-1ecc6299db9ec823/rustc-serialize-0.3.19/src/serialize.rs:147:45
[INFO] [stdout]     |
[INFO] [stdout] 147 | ...                   &f_name: &str,
[INFO] [stdout]     |                       ^^^^^^^ pattern not allowed in function without body
[INFO] [stdout] 
[INFO] [stdout] 
[INFO] [stdout] error[E0503]: cannot use `state` because it was mutably borrowed
[INFO] [stdout]     --> /opt/rustwide/cargo-home/registry/src/github.com-1ecc6299db9ec823/getopts-0.2.14/src/lib.rs:1008:33
[INFO] [stdout]      |
[INFO] [stdout] 955  |     let mut machine = |cont: &mut bool, (i, c): (usize, char)| {
[INFO] [stdout]      |                       ---------------------------------------- borrow of `state` occurs here
[INFO] [stdout] ...
[INFO] [stdout] 959  |         state = match (state, whitespace, limit) {
[INFO] [stdout]      |         ----- borrow occurs due to use of `state` in closure
[INFO] [stdout] ...
[INFO] [stdout] 1008 |     while cont && match state { B | C => true, A => false } {
[INFO] [stdout]      |                                 ^ use of borrowed `state`
[INFO] [stdout] 1009 |         machine(&mut cont, (fake_i, ' '));
[INFO] [stdout]      |         ------- borrow later used here
[INFO] [stdout] 
[INFO] [stdout] 
[INFO] [stdout] error: aborting due to previous error
[INFO] [stdout] 
[INFO] [stdout] 
[INFO] [stdout] For more information about this error, try `rustc --explain E0503`.
[INFO] [stdout] 
[INFO] [stdout] error[E0713]: borrow may still be in use when destructor runs
[INFO] [stdout]    --> /opt/rustwide/cargo-home/registry/src/github.com-1ecc6299db9ec823/url-1.1.0/src/form_urlencoded.rs:246:40
[INFO] [stdout]     |
[INFO] [stdout] 244 | impl<'a> Target for ::UrlQuery<'a> {
[INFO] [stdout]     |      -- lifetime `'a` defined here
[INFO] [stdout] 245 |     fn as_mut_string(&mut self) -> &mut String { &mut self.url.serialization }
[INFO] [stdout] 246 |     fn finish(self) -> &'a mut ::Url { self.url }
[INFO] [stdout]     |                                        ^^^^^^^^ - here, drop of `self` needs exclusive access to `*self.url`, because the type `UrlQuery<'_>` implements the `Drop` trait
[INFO] [stdout]     |                                        |
[INFO] [stdout]     |                                        returning this value requires that `*self.url` is borrowed for `'a`
[INFO] [stdout] 
[INFO] [stdout] 
[INFO] [stdout] error: aborting due to previous error
[INFO] [stdout] 
[INFO] [stdout] 
[INFO] [stdout] For more information about this error, try `rustc --explain E0713`.
[INFO] [stdout] 
[INFO] [stdout] error: aborting due to previous error
[INFO] [stdout] 
[INFO] [stdout] 
[INFO] [stdout] For more information about this error, try `rustc --explain E0642`.
[INFO] [stdout] 
[INFO] [stderr] error: build failed
[INFO] running `Command { std: "docker" "inspect" "89009167b4f9cba3637afcbd14149b36bf7a9988d4edc252ace07c61d20f74a3", kill_on_drop: false }`
[INFO] running `Command { std: "docker" "rm" "-f" "89009167b4f9cba3637afcbd14149b36bf7a9988d4edc252ace07c61d20f74a3", kill_on_drop: false }`
[INFO] [stdout] 89009167b4f9cba3637afcbd14149b36bf7a9988d4edc252ace07c61d20f74a3
